{"id":139,"date":"2017-04-12T14:56:37","date_gmt":"2017-04-12T13:56:37","guid":{"rendered":"http:\/\/www.vitalessencia.fr\/blog\/?page_id=139"},"modified":"2018-09-17T14:23:00","modified_gmt":"2018-09-17T13:23:00","slug":"alpenkrauter","status":"publish","type":"page","link":"https:\/\/www.vitalessencia.fr\/blog\/alpenkrauter\/","title":{"rendered":"Alpenkrauter"},"content":{"rendered":"<span class=\"rt-reading-time\" style=\"display: block;\"><span class=\"rt-label rt-prefix\">Temps de lecture\u00a0: <\/span> <span class=\"rt-time\">2<\/span> <span class=\"rt-label rt-postfix\">minutes<\/span><\/span><h2><span style=\"color: #ff99cc;\"><b>Caract\u00e9ristiques\u00a0de la cr\u00e8me Alpenkrauter<\/b><\/span><\/h2>\n<p><span style=\"font-weight: 400; color: #000000;\">Ces cr\u00e8mes bienfaisantes et vivantes d\u00e9tendent les muscles et les articulations. Elles aident \u00e0 soulager les douleurs musculaires et articulaires gr\u00e2ce \u00e0 leur effet rafra\u00eechissant. Les cr\u00e8mes <strong>Alpenkrauter<\/strong> disposent \u00e9galement d\u2019un effet anesth\u00e9siant local. En plus, c\u2019est un produit id\u00e9al pour pr\u00e9parer les muscles \u00e0 l\u2019effort puis les d\u00e9tendre.<\/span><\/p>\n<p><a href=\"http:\/\/www.vitalessencia.fr\/blog\/wp-content\/uploads\/2017\/04\/t\u00e9l\u00e9chargement.jpg\"><img decoding=\"async\" loading=\"lazy\" class=\"aligncenter wp-image-143 size-full\" src=\"http:\/\/www.vitalessencia.fr\/blog\/wp-content\/uploads\/2017\/04\/t\u00e9l\u00e9chargement.jpg\" alt=\"Alpenkrauter Emulsie\" width=\"275\" height=\"183\" \/><\/a><\/p>\n<h2><span style=\"color: #ff99cc;\"><b>Composition <\/b><\/span><\/h2>\n<ul>\n<li style=\"font-weight: 400;\"><span style=\"font-weight: 400; color: #000000;\">La menthe poivr\u00e9e\u00a0: c\u2019est une plante tonique et tonifiante du syst\u00e8me nerveux.<\/span><\/li>\n<li style=\"font-weight: 400;\"><span style=\"font-weight: 400; color: #000000;\">L\u2019Eucalyptus\u00a0: cette plante connu pour ses diff\u00e9rente vertus\u00a0: anti-inflammatoire (musculaire, articulaire, cutan\u00e9) et anti-douleur. <\/span><\/li>\n<li style=\"font-weight: 400;\"><span style=\"font-weight: 400; color: #000000;\">La lavande\u00a0: c\u2019est une plante vivace aromatique tr\u00e8s b\u00e9n\u00e9fique pour le traitement des crampes et des douleurs musculaires.<\/span><\/li>\n<\/ul>\n<p><span style=\"font-weight: 400; color: #000000;\">Les cr\u00e8mes <strong>Alpenkrauter<\/strong> sont tr\u00e8s efficace et hautement concentr\u00e9e en extraits de plantes m\u00e9dicinales. Cette composition d\u2019ingr\u00e9dients revitalisants stimule la circulation sanguine. \u00a0<\/span><\/p>\n<h2><span style=\"color: #ff99cc;\"><b>Action<\/b><\/span><\/h2>\n<p><span style=\"font-weight: 400; color: #000000;\">Ces trois composants constituent un outil pr\u00e9cieux pour r\u00e9duire la douleur gr\u00e2ce \u00e0 leurs actions cibl\u00e9es sur l\u2019endroit probl\u00e9matique (courbature, tendinite, arthrite\u2026). <\/span><\/p>\n<p><span style=\"color: #000000;\"><span style=\"font-weight: 400;\">Il est recommand\u00e9 d&rsquo;utiliser ce baume pour soulager les douleurs rhumatismales de douleurs au niveau de la colonne vert\u00e9brale, de tendinites et de douleurs musculaires, en faisant un massage en \u00a0douceur de la zone concern\u00e9e.<\/span> <span style=\"font-weight: 400;\">Les cr\u00e8mes ou les baumes <b>Alpenkrauter Massimol\u00a0<\/b>ont le pouvoir de stimuler la circulation sanguine et ainsi soulager les sensations de jambes lourdes. <\/span><\/span><\/p>\n<h2><span style=\"color: #ff99cc;\">Utilisation\u00a0<\/span><\/h2>\n<p><span style=\"font-weight: 400; color: #000000;\">Appliquez plusieurs fois par jour une noisette d\u2019une <a href=\"http:\/\/www.vitalessencia.fr\/pages\/alpenkrauter.html\u200e\" target=\"_blank\" rel=\"noopener noreferrer\">Cr\u00e8me <strong>Alpenkrauter<\/strong><\/a> \u00e0 l\u2019endroit du corps souhait\u00e9 comme les mains, les pieds, les genoux, les \u00e9paules, les tendons\u2026 \u00a0Ensuite, massez doucement jusqu&rsquo;\u00e0 la p\u00e9n\u00e9tration compl\u00e8te du produit. Cette action permet de revitaliser le muscle et de lui rendre sa texture normale. Lavez-vous soigneusement les mains apr\u00e8s chaque application. <\/span><\/p>\n<p style=\"text-align: center;\"><span style=\"color: #26ae90;\"><strong>Massage \u00e0 renouveler jusqu\u2019\u00e0 3 fois par jour.<\/strong><\/span><\/p>\n<h2><span style=\"color: #ff99cc;\">Avis des clients<\/span><\/h2>\n<p><strong>Sophia, 23 ans<\/strong><\/p>\n<p><em>J\u2019ai utilis\u00e9 la cr\u00e8me <strong>Alpenkrauter \u00a0Emulsie<\/strong> avant et apr\u00e8s chaque s\u00e9ance de musculation. Mon coach m\u2019a recommand\u00e9 ce produit pour r\u00e9aliser une d\u00e9tente pr\u00e9cieuse de mes articulations contract\u00e9es.<\/em><\/p>\n<p><strong>Rose, 55\u00a0 ans<\/strong><\/p>\n<p><em>J\u2019ai des maux irr\u00e9guliers au niveau de mes genoux et mes tendons.\u00a0 J\u2019ai essay\u00e9 plusieurs traitements naturels mais j\u2019ai trouv\u00e9 finalement une recette unique avec cette composition d&rsquo;huiles m\u00e9dicinales efficaces\u00a0. Alpenkrauter, pour moi, c&rsquo;est test\u00e9 et approuv\u00e9 !<br \/>\n<\/em><\/p>\n<p><strong>Meriam , 27 ans <\/strong><\/p>\n<p><em>Commandez cette cr\u00e8me pour ajouter un aspect naturel \u00e0 vos massages corporels de relaxation<\/em><\/p>\n<p><strong>Gabrielle , 50 ans <\/strong><\/p>\n<p><em>Les douleurs dos, \u00e7a fait tr\u00e8s mal ! J\u2019ai trouv\u00e9 dans cette cr\u00e8me un rem\u00e8de apaisant doux anti-inflammatoire. Je vous conseille de masser une quantit\u00e9 dans la zone qui vous g\u00e8ne, et vous serez \u00e9panoui imm\u00e9diatement<\/em><\/p>\n","protected":false},"excerpt":{"rendered":"<p><span class=\"rt-reading-time\" style=\"display: block;\"><span class=\"rt-label rt-prefix\">Temps de lecture\u00a0: <\/span> <span class=\"rt-time\">2<\/span> <span class=\"rt-label rt-postfix\">minutes<\/span><\/span> Caract\u00e9ristiques\u00a0de la cr\u00e8me Alpenkrauter Ces cr\u00e8mes bienfaisantes et vivantes d\u00e9tendent les muscles et les articulations. Elles aident \u00e0 soulager les douleurs musculaires et articulaires gr\u00e2ce \u00e0 leur effet rafra\u00eechissant. Les cr\u00e8mes Alpenkrauter disposent \u00e9galement d\u2019un effet anesth\u00e9siant local. En plus, c\u2019est un produit id\u00e9al pour pr\u00e9parer les muscles \u00e0 l\u2019effort puis les d\u00e9tendre. Composition La [&hellip;]<\/p>\n","protected":false},"author":1,"featured_media":0,"parent":0,"menu_order":0,"comment_status":"closed","ping_status":"closed","template":"page-full_width.php","meta":{"footnotes":""},"_links":{"self":[{"href":"https:\/\/www.vitalessencia.fr\/blog\/wp-json\/wp\/v2\/pages\/139"}],"collection":[{"href":"https:\/\/www.vitalessencia.fr\/blog\/wp-json\/wp\/v2\/pages"}],"about":[{"href":"https:\/\/www.vitalessencia.fr\/blog\/wp-json\/wp\/v2\/types\/page"}],"author":[{"embeddable":true,"href":"https:\/\/www.vitalessencia.fr\/blog\/wp-json\/wp\/v2\/users\/1"}],"replies":[{"embeddable":true,"href":"https:\/\/www.vitalessencia.fr\/blog\/wp-json\/wp\/v2\/comments?post=139"}],"version-history":[{"count":0,"href":"https:\/\/www.vitalessencia.fr\/blog\/wp-json\/wp\/v2\/pages\/139\/revisions"}],"wp:attachment":[{"href":"https:\/\/www.vitalessencia.fr\/blog\/wp-json\/wp\/v2\/media?parent=139"}],"curies":[{"name":"wp","href":"https:\/\/api.w.org\/{rel}","templated":true}]}}

<span class="rt-reading-time" style="display: block;"><span class="rt-label rt-prefix">Temps de lecture : </span> <span class="rt-time">2</span> <span class="rt-label rt-postfix">minutes</span></span><h2><span style="color: #ff99cc;"><b>Caractéristiques de la crème Alpenkrauter</b></span></h2>
<p><span style="font-weight: 400; color: #000000;">Ces crèmes bienfaisantes et vivantes détendent les muscles et les articulations. Elles aident à soulager les douleurs musculaires et articulaires grâce à leur effet rafraîchissant. Les crèmes <strong>Alpenkrauter</strong> disposent également d’un effet anesthésiant local. En plus, c’est un produit idéal pour préparer les muscles à l’effort puis les détendre.</span></p>
<p><a href="http://www.vitalessencia.fr/blog/wp-content/uploads/2017/04/téléchargement.jpg"><img decoding="async" loading="lazy" class="aligncenter wp-image-143 size-full" src="http://www.vitalessencia.fr/blog/wp-content/uploads/2017/04/téléchargement.jpg" alt="Alpenkrauter Emulsie" width="275" height="183" /></a></p>
<h2><span style="color: #ff99cc;"><b>Composition </b></span></h2>
<ul>
<li style="font-weight: 400;"><span style="font-weight: 400; color: #000000;">La menthe poivrée : c’est une plante tonique et tonifiante du système nerveux.</span></li>
<li style="font-weight: 400;"><span style="font-weight: 400; color: #000000;">L’Eucalyptus : cette plante connu pour ses différente vertus : anti-inflammatoire (musculaire, articulaire, cutané) et anti-douleur. </span></li>
<li style="font-weight: 400;"><span style="font-weight: 400; color: #000000;">La lavande : c’est une plante vivace aromatique très bénéfique pour le traitement des crampes et des douleurs musculaires.</span></li>
</ul>
<p><span style="font-weight: 400; color: #000000;">Les crèmes <strong>Alpenkrauter</strong> sont très efficace et hautement concentrée en extraits de plantes médicinales. Cette composition d’ingrédients revitalisants stimule la circulation sanguine.  </span></p>
<h2><span style="color: #ff99cc;"><b>Action</b></span></h2>
<p><span style="font-weight: 400; color: #000000;">Ces trois composants constituent un outil précieux pour réduire la douleur grâce à leurs actions ciblées sur l’endroit problématique (courbature, tendinite, arthrite…). </span></p>
<p><span style="color: #000000;"><span style="font-weight: 400;">Il est recommandé d&rsquo;utiliser ce baume pour soulager les douleurs rhumatismales de douleurs au niveau de la colonne vertébrale, de tendinites et de douleurs musculaires, en faisant un massage en  douceur de la zone concernée.</span> <span style="font-weight: 400;">Les crèmes ou les baumes <b>Alpenkrauter Massimol </b>ont le pouvoir de stimuler la circulation sanguine et ainsi soulager les sensations de jambes lourdes. </span></span></p>
<h2><span style="color: #ff99cc;">Utilisation </span></h2>
<p><span style="font-weight: 400; color: #000000;">Appliquez plusieurs fois par jour une noisette d’une <a href="http://www.vitalessencia.fr/pages/alpenkrauter.html‎" target="_blank" rel="noopener noreferrer">Crème <strong>Alpenkrauter</strong></a> à l’endroit du corps souhaité comme les mains, les pieds, les genoux, les épaules, les tendons…  Ensuite, massez doucement jusqu&rsquo;à la pénétration complète du produit. Cette action permet de revitaliser le muscle et de lui rendre sa texture normale. Lavez-vous soigneusement les mains après chaque application. </span></p>
<p style="text-align: center;"><span style="color: #26ae90;"><strong>Massage à renouveler jusqu’à 3 fois par jour.</strong></span></p>
<h2><span style="color: #ff99cc;">Avis des clients</span></h2>
<p><strong>Sophia, 23 ans</strong></p>
<p><em>J’ai utilisé la crème <strong>Alpenkrauter  Emulsie</strong> avant et après chaque séance de musculation. Mon coach m’a recommandé ce produit pour réaliser une détente précieuse de mes articulations contractées.</em></p>
<p><strong>Rose, 55  ans</strong></p>
<p><em>J’ai des maux irréguliers au niveau de mes genoux et mes tendons.  J’ai essayé plusieurs traitements naturels mais j’ai trouvé finalement une recette unique avec cette composition d&rsquo;huiles médicinales efficaces . Alpenkrauter, pour moi, c&rsquo;est testé et approuvé !<br />
</em></p>
<p><strong>Meriam , 27 ans </strong></p>
<p><em>Commandez cette crème pour ajouter un aspect naturel à vos massages corporels de relaxation</em></p>
<p><strong>Gabrielle , 50 ans </strong></p>
<p><em>Les douleurs dos, ça fait très mal ! J’ai trouvé dans cette crème un remède apaisant doux anti-inflammatoire. Je vous conseille de masser une quantité dans la zone qui vous gène, et vous serez épanoui immédiatement</em></p>

<p><span class="rt-reading-time" style="display: block;"><span class="rt-label rt-prefix">Temps de lecture : </span> <span class="rt-time">2</span> <span class="rt-label rt-postfix">minutes</span></span> Caractéristiques de la crème Alpenkrauter Ces crèmes bienfaisantes et vivantes détendent les muscles et les articulations. Elles aident à soulager les douleurs musculaires et articulaires grâce à leur effet rafraîchissant. Les crèmes Alpenkrauter disposent également d’un effet anesthésiant local. En plus, c’est un produit idéal pour préparer les muscles à l’effort puis les détendre. Composition La [&hellip;]</p>
